at is the tens digit of 7625?
2
What is the units digit of 2037?
7
What is the hundreds digit of 12398?
3
What is the tens digit of 23121?
2
What is the hundreds digit of 1662?
6
What is the tens digit of 13835?
3
What is the units digit of 9731?
1
What is the hundreds digit of 6631?
6
What is the thousands digit of 5324?
5
What is the tens digit of 6584?
8
What is the tens digit of 8627?
2
What is the tens digit of 31542?
4
What is the units digit of 1119?
9
What is the tens digit of 5489?
8
What is the tens digit of 8094?
9
What is the hundreds digit of 1351?
3
What is the hundreds digit of 48719?
7
What is the thousands digit of 3175?
3
What is the hundreds digit of 1607?
6
What is the units digit of 8992?
2
What is the hundreds digit of 16872?
8
What is the thousands digit of 7467?
7
What is the hundreds digit of 14191?
1
What is the hundreds digit of 22303?
3
What is the units digit of 814?
4
What is the tens digit of 37?
3
What is the units digit of 104483?
3
What is the tens digit of 736?
3
What is the thousands digit of 2016?
2
What is the units digit of 1650?
0
What is the units digit of 2700?
0
What is the thousands digit of 89523?
9
What is the thousands digit of 4968?
4
What is the units digit of 1609?
9
What is the tens digit of 22452?
5
What is the ten thousands digit of 18384?
1
What is the thousands digit of 14116?
4
What is the hundreds digit of 78292?
2
What is the thousands digit of 4010?
4
What is the thousands digit of 64299?
4
What is the tens digit of 2214?
1
What is the tens digit of 29811?
1
What is the thousands digit of 3495?
3
What is the hundreds digit of 246?
2
What is the ten thousands digit of 20189?
2
What is the units digit of 30684?
4
What is the units digit of 73553?
3
What is the units digit of 1870?
0
What is the units digit of 4135?
5
What is the ten thousands digit of 29704?
2
What is the units digit of 1562?
2
What is the units digit of 17409?
9
What is the thousands digit of 3742?
3
What is the thousands digit of 1985?
1
What is the tens digit of 6484?
8
What is the tens digit of 13162?
6
What is the tens digit of 1346?
4
What is the hundreds digit of 22633?
6
What is the tens digit of 1317?
1
What is the units digit of 148?
8
What is the tens digit of 2011?
1
What is the hundreds digit of 10051?
0
What is the hundreds digit of 48391?
3
What is the thousands digit of 2430?
2
What is the thousands digit of 1058?
1
What is the tens digit of 581?
8
What is the ten thousands digit of 17285?
1
What is the thousands digit of 7857?
7
What is the hundreds digit of 39108?
1
What is the tens digit of 533?
3
What is the units digit of 6888?
8
What is the hundreds digit of 65934?
9
What is the thousands digit of 1670?
1
What is the tens digit of 24110?
1
What is the tens digit of 10728?
2
What is the thousands digit of 11153?
1
What is the units digit of 4911?
1
What is the hundreds digit of 51968?
9
What is the units digit of 898?
8
What is the tens digit of 1106?
0
What is the hundreds digit of 131207?
2
What is the tens digit of 95?
9
What is the tens digit of 18382?
8
What is the hundreds digit of 4466?
4
What is the tens digit of 508?
0
What is the thousands digit of 29124?
9
What is the hundreds digit of 917?
9
What is the units digit of 683?
3
What is the thousands digit of 1333?
1
What is the tens digit of 158598?
9
What is the tens digit of 54483?
8
What is the hundreds digit of 1432?
4
What is the thousands digit of 10122?
0
What is the ten thousands digit of 34877?
3
What is the units digit of 10149?
9
What is the tens digit of 535?
3
What is the hundreds digit of 2984?
9
What is the thousands digit of 6422?
6
What is the hundreds digit of 788?
7
What is the hundreds digit of 5003?
0
What is the tens digit of 506?
0
What is the units digit of 2571?
1
What is the hundreds digit of 1413?
4
What is the hundreds digit of 40399?
3
What is the tens digit of 61212?
1
What is the units digit of 6139?
9
What is the hundreds digit of 926?
9
What is the units digit of 9501?
1
What is the tens digit of 20398?
9
What is the hundreds digit of 2250?
2
What is the units digit of 395?
5
What is the tens digit of 208?
0
What is the hundreds digit of 957?
9
What is the units digit of 9205?
5
What is the thousands digit of 24845?
4
What is the units digit of 6791?
1
What is the hundreds digit of 13204?
2
What is the thousands digit of 3240?
3
What is the thousands digit of 4070?
4
What is the hundreds digit of 1730?
7
What is the ten thousands digit of 14942?
1
What is the tens digit of 8222?
2
What is the hundreds digit of 3335?
3
What is the units digit of 364?
4
What is the units digit of 509?
9
What is the tens digit of 1887?
8
What is the tens digit of 776?
7
What is the tens digit of 6013?
1
What is the hundreds digit of 41060?
0
What is the hundreds digit of 40005?
0
What is the hundreds digit of 1148?
1
What is the tens digit of 37334?
3
What is the units digit of 8052?
2
What is the tens digit of 676?
7
What is the thousands digit of 16627?
6
What is the units digit of 114214?
4
What is the units digit of 3670?
0
What is the thousands digit of 1855?
1
What is the hundreds digit of 42609?
6
What is the ten thousands digit of 52525?
5
What is the tens digit of 2093?
9
What is the units digit of 25402?
2
What is the units digit of 21605?
5
What is the units digit of 52?
2
What is the thousands digit of 3805?
3
What is the thousands digit of 2044?
2
What is the tens digit of 830?
3
What is the ten thousands digit of 51359?
5
What is the tens digit of 3412?
1
What is the hundreds digit of 4230?
2
What is the tens digit of 1281?
8
What is the ten thousands digit of 54251?
5
What is the tens digit of 11325?
2
What is the units digit of 663?
3
What is the units digit of 778?
8
What is the ten thousands digit of 14291?
1
What is the tens digit of 1842?
4
What is the tens digit of 147579?
7
What is the hundreds digit of 903?
9
What is the hundreds digit of 2174?
1
What is the tens digit of 52862?
6
What is the ten thousands digit of 20779?
2
What is the tens digit of 8498?
9
What is the hundreds digit of 3716?
7
What is the thousands digit of 21798?
1
What is the hundreds digit of 4133?
1
What is the hundreds digit of 7988?
9
What is the thousands digit of 116123?
6
What is the hundreds digit of 1236?
2
What is the units digit of 3020?
0
What is the thousands digit of 91880?
1
What is the thousands digit of 9839?
9
What is the thousands digit of 21981?
1
What is the units digit of 1?
1
What is the hundreds digit of 274?
2
What is the tens digit of 689?
8
What is the units digit of 3765?
5
What is the units digit of 8?
8
What is the tens digit of 4926?
2
What is the hundreds digit of 2393?
3
What is the ten thousands digit of 23095?
2
What is the units digit of 1110?
0
What is the tens digit of 9108?
0
What is the units digit of 9775?
5
What is the hundreds digit of 7570?
5
What is the thousands digit of 37383?
7
What is the units digit of 38692?
2
What is the ten thousands digit of 23602?
2
What is the tens digit of 1745?
4
What is the hundreds digit of 3135?
1
What is the tens digit of 7898?
9
What is the tens digit of 34737?
3
What is the hundreds digit of 72261?
2
What is the tens digit of 720?
2
What is the hundreds digit of 1783?
7
What is the ten thousands digit of 15702?
1
What is the units digit of 2911?
1
What is the ten thousands digit of 66624?
6
What is the units digit of 4815?
5
What is the units digit of 1457?
7
What is the tens digit of 1325?
2
What is the tens digit of 10651?
5
What is the hundreds digit of 1987?
9
What is the hundreds digit of 393?
3
What is the thousands digit of 1141?
1
What is the tens digit of 30356?
5
What is the hundreds digit of 9371?
3
What is the units digit of 283?
3
What is the tens digit of 3461?
6
What is the ten thousands digit of 47259?
4
What is the units digit of 847?
7
What is the hundreds digit of 3144?
1
What is the thousands digit of 9340?
9
What is the thousands digit of 3004?
3
What is the hundreds digit of 639?
6
What is the tens digit of 254?
5
What is the thousands digit of 1658?
1
What is the tens digit of 73496?
9
What is the tens digit of 4873?
7
What is the hundreds digit of 999?
9
What is the units digit of 22141?
1
What is the hundreds digit of 4586?
5
W